{"id":10,"date":"2016-06-17T14:15:44","date_gmt":"2016-06-17T14:15:44","guid":{"rendered":"http:\/\/solveig-sylt.de\/?page_id=10"},"modified":"2023-01-24T14:27:48","modified_gmt":"2023-01-24T14:27:48","slug":"info","status":"publish","type":"page","link":"https:\/\/solveig-sylt.de\/?page_id=10","title":{"rendered":"Info"},"content":{"rendered":"<p>Herzlich Willkommen im &#8222;Haus Solveig&#8220;<\/p>\n<p>Das Haus Solveig ist ein Ferienhaus mit 4 Ferienwohnungen im Herzen von Westerland, welches \u00fcber viele Jahre von Winfried Wischer erfolgreich betrieben wurde. Nun f\u00fchrt die Ferienvermietung Sylt Appartements in Zusammenarbeit mit Thorsten Wischer liebevoll weiter.<br \/>\nDie Appartements befinden sich in bevorzugter, gr\u00fcner und zentraler Wohnlage.<br \/>\nDie Bastianstra\u00dfe ist sehr ruhig gelegen, am Rande von &#8222;Alt-Westerland&#8220;,<br \/>\nmit seinen zum Teil noch sehr sch\u00f6n erhaltenen historischen Friesen-H\u00e4usern.<br \/>\nVon den Wohnungen sind es nur ein paar Schritte &nbsp;zu den Einkaufsm\u00f6glichkeiten,<br \/>\nzum Stadtkern mit seinen Fu\u00dfg\u00e4ngerzonen und zum Bahnhof bzw.&nbsp;ZOB.<br \/>\nEbenso sind es nur wenige Gehminuten zur Strandpromenade als auch zur &#8222;Sylter Welle&#8220;<br \/>\n(Innen- und Au\u00dfenschwimmbecken, Sauna usw.) sowie das &#8222;Syltness Center&#8220;, f\u00fcr Ihr<br \/>\nk\u00f6rperliches und seelisches Wohlbefinden.<br \/>\nAlle Appartements haben einen separaten Eingang und Gartennutzung.<br \/>\nIn unserem kleinen Garten finden Sie auch Sitzgelegenheiten zum Entspannen.<br \/>\nDa in den Appartements das Rauchen nicht gestattet ist, bieten wir Ihnen daf\u00fcr im Gartenbereich eine \u00fcberdachte Terrasse an.<br \/>\nAus R\u00fccksicht auf die anderen G\u00e4ste k\u00f6nnen wir leider keine Haustiere aufnehmen.<br \/>\nEin W-Lan Zugang ist kostenfrei nutzbar.<\/p>\n<p>Unterkunft mit gutem Komfort, Ausstattung von besserer Qualit\u00e4t.<\/p>\n<p><img loading=\"lazy\" decoding=\"async\" class=\"alignnone wp-image-484 size-large\" src=\"https:\/\/solveig-sylt.de\/wp-content\/uploads\/2020\/10\/1-6-1024x768.jpg\" alt=\"\" width=\"620\" height=\"465\" srcset=\"https:\/\/solveig-sylt.de\/wp-content\/uploads\/2020\/10\/1-6-1024x768.jpg 1024w, https:\/\/solveig-sylt.de\/wp-content\/uploads\/2020\/10\/1-6-300x225.jpg 300w, https:\/\/solveig-sylt.de\/wp-content\/uploads\/2020\/10\/1-6-768x576.jpg 768w, https:\/\/solveig-sylt.de\/wp-content\/uploads\/2020\/10\/1-6-1536x1152.jpg 1536w, https:\/\/solveig-sylt.de\/wp-content\/uploads\/2020\/10\/1-6-507x380.jpg 507w, https:\/\/solveig-sylt.de\/wp-content\/uploads\/2020\/10\/1-6.jpg 2048w\" sizes=\"auto, (max-width: 620px) 100vw, 620px\" \/><\/p>\n","protected":false},"excerpt":{"rendered":"<p>Herzlich Willkommen im &#8222;Haus Solveig&#8220; Das Haus Solveig ist ein Ferienhaus mit 4 Ferienwohnungen im Herzen von Westerland, welches \u00fcber viele Jahre von Winfried Wischer erfolgreich betrieben wurde. Nun f\u00fchrt die Ferienvermietung Sylt Appartements in Zusammenarbeit mit Thorsten Wischer liebevoll weiter. Die Appartements befinden sich in bevorzugter, gr\u00fcner und zentraler Wohnlage. Die Bastianstra\u00dfe ist sehr &hellip; <a href=\"https:\/\/solveig-sylt.de\/?page_id=10\" class=\"more-link\">Weiterlesen <span class=\"screen-reader-text\">Info<\/span><\/a><\/p>\n","protected":false},"author":1,"featured_media":57,"parent":0,"menu_order":0,"comment_status":"closed","ping_status":"closed","template":"page-templates\/full-width-page.php","meta":{"ngg_post_thumbnail":0,"footnotes":""},"class_list":["post-10","page","type-page","status-publish","has-post-thumbnail","hentry","with-featured-image"],"_links":{"self":[{"href":"https:\/\/solveig-sylt.de\/index.php?rest_route=\/wp\/v2\/pages\/10","targetHints":{"allow":["GET"]}}],"collection":[{"href":"https:\/\/solveig-sylt.de\/index.php?rest_route=\/wp\/v2\/pages"}],"about":[{"href":"https:\/\/solveig-sylt.de\/index.php?rest_route=\/wp\/v2\/types\/page"}],"author":[{"embeddable":true,"href":"https:\/\/solveig-sylt.de\/index.php?rest_route=\/wp\/v2\/users\/1"}],"replies":[{"embeddable":true,"href":"https:\/\/solveig-sylt.de\/index.php?rest_route=%2Fwp%2Fv2%2Fcomments&post=10"}],"version-history":[{"count":13,"href":"https:\/\/solveig-sylt.de\/index.php?rest_route=\/wp\/v2\/pages\/10\/revisions"}],"predecessor-version":[{"id":555,"href":"https:\/\/solveig-sylt.de\/index.php?rest_route=\/wp\/v2\/pages\/10\/revisions\/555"}],"wp:featuredmedia":[{"embeddable":true,"href":"https:\/\/solveig-sylt.de\/index.php?rest_route=\/wp\/v2\/media\/57"}],"wp:attachment":[{"href":"https:\/\/solveig-sylt.de\/index.php?rest_route=%2Fwp%2Fv2%2Fmedia&parent=10"}],"curies":[{"name":"wp","href":"https:\/\/api.w.org\/{rel}","templated":true}]}}